10001010020 (base 3) to base 8
7522642
What is -111001100001111010010 (base 2) in base 4?
-13030033102
What is -101001011001101111011 (base 2) in base 15?
-1bbe97
What is -185463 (base 12) in base 4?
-1213201023
10111000100011000001 (base 2) to base 15
ede8a
-56630 (base 7) to base 4
-3200222
-37e300 (base 16) to base 6
-210300240
What is -2202231 (base 5) in base 2?
-1001001110111000
What is -153510404 (base 6) in base 3?
-20010121022111
Convert -100313211220 (base 4) to base 11.
-2550343
Convert -23010233220 (base 4) to base 5.
-1220344031
What is -1d8b3 (base 14) in base 9?
-124886
Convert -20331431 (base 5) to base 2.
-101000111100111101
What is -20000010221 (base 3) in base 10?
-118204
What is 7292a (base 11) in base 14?
2aa2a
Convert 19aec3 (base 16) to base 11.
a4a627
164985 (base 11) to base 15
50a1d
What is 7ffed (base 16) in base 6?
15123101
Convert 812a7 (base 12) to base 10.
168031
424031 (base 8) to base 12
69961
Convert 1417400 (base 8) to base 10.
401152
-1001000001010100 (base 2) to base 14
-d672
Convert 100042 (base 9) to base 11.
40436
-37b69 (base 13) to base 11
-70434
Convert 1111100001010110001 (base 2) to base 11.
318128
1188091 (base 11) to base 2
111110111000011001000
What is -431224 (base 6) in base 7?
-204622
Convert 1130031534 (base 6) to base 8.
60044122
Convert 33202012201 (base 4) to base 3.
21122212111221
What is -1725c9 (base 16) in base 13?
-411645
-1123431230 (base 5) to base 11
-149a4a2
What is 20202201 (base 4) in base 10?
34977
What is 22ed5d (base 15) in base 16?
197c77
What is -1a9aa (base 13) in base 15?
-106e7
Convert -b850a (base 13) to base 3.
-121220020121
What is 135762 (base 8) in base 4?
23233302
-da3676 (base 15) to base 6
-1010404303
Convert 10100000110111110101110 (base 2) to base 11.
2a80596
-17115302 (base 8) to base 5
-2004044103
Convert -10110111100010010 (base 2) to base 3.
-11202220101
Convert 101100121101202 (base 3) to base 5.
2402103021
Convert -1000101011111000101110 (base 2) to base 13.
-6194ac
Convert 11300500 (base 9) to base 7.
64452360
6592418 (base 11) to base 10
11569555
Convert -110220103 (base 4) to base 10.
-84499
What is 2939ba (base 14) in base 8?
5354000
What is 596a9b (base 12) in base 10?
1442711
What is -144595 (base 13) in base 10?
-495292
What is -374321 (base 15) in base 8?
-12061262
Convert 100100100100100010 (base 2) to base 4.
210210202
-2612241 (base 8) to base 13
-1c56ba
-774b1 (base 13) to base 16
-34c3e
What is -52201002 (base 8) in base 3?
-202211201112212
136959 (base 13) to base 5
110044003
What is 12020332000 (base 4) in base 6?
54255504
What is -13112131 (base 5) in base 10?
-129041
What is 40887 (base 9) in base 8?
64533
3817b (base 14) to base 6
2540333
What is -3041440 (base 5) in base 2?
-1100000111010100
-273361 (base 9) to base 10
-166510
Convert 31211430 (base 5) to base 13.
90051
-35562116 (base 7) to base 4
-30003000233
b6418 (base 12) to base 8
722724
1057564 (base 9) to base 2
10001011000111010100
-2b23 (base 13) to base 10
-6282
What is -4648536 (base 9) in base 11?
-1466807
What is 1a0833 (base 12) in base 9?
766363
-9ad40 (base 16) to base 13
-19286a
What is -11374644 (base 8) in base 12?
-a002b0
-311345245 (base 6) to base 8
-24451275
What is -2344212042 (base 5) in base 11?
-309a424
What is 1011000110001 (base 2) in base 5?
140211
Convert 746326 (base 9) to base 15.
8b953
Convert 31012113133 (base 4) to base 9.
6413441
Convert -92344 (base 11) to base 3.
-20211222011
What is -5451352 (base 7) in base 16?
-a3165
What is 1011104 (base 12) in base 8?
13364124
20bd571 (base 14) to base 6
1312340235
Convert 278042 (base 12) to base 3.
1020100210212
What is b5435 (base 13) in base 2?
1001111100011110100
-5344a7 (base 12) to base 13
-370108
-11210111322 (base 4) to base 13
-3c1473
What is 100100001100011101011 (base 2) in base 12?
492437
What is 100111313101 (base 4) in base 15?
599457
Convert 118440 (base 10) to base 8.
347250
46350114 (base 7) to base 15
553abc
Convert -310031244 (base 5) to base 2.
-100110001101011101010
Convert 44431011 (base 6) to base 12.
548467
What is 325000554 (base 7) in base 10?
19530018
10111332002 (base 4) to base 12
46aa82
What is 732330 (base 9) in base 8?
1521102
What is -100212112110102 (base 3) in base 16?
-500d0b
11cad5 (base 14) to base 12
25592b
Convert 125426666 (base 7) to base 3.
120012020012212
Convert c0ba (base 13) to base 6.
322433
63515455 (base 7) to base 13
1165c87
-8700 (base 13) to base 11
-13104
What is -166221 (base 10) in base 7?
-1261416
149867 (base 11) to base 7
1656144
a147 (base 13) to base 5
1202243
-65160 (base 14) to base 15
-4c69b
What is -10023323311 (base 4) in base 12?
-44b131
-33ab920 (base 13) to base 15
-15e2ba5
Convert -84386 (base 13) to base 4.
-322011011
What is -101514640 (base 7) in base 6?
-331545324
13041142 (base 5) to base 14
34756
Convert -3321223142 (base 5) to base 15.
-976917
What is -1803ad (base 15) in base 5?
-244241323
What is 20c0884 (base 13) in base 7?
150660064
20201022 (base 5) to base 16
27b4d
Convert -343fe (base 16) to base 7.
-1550643
Convert 20635004 (base 7) to base 9.
3266845
What is -255001343 (base 6) in base 2?
-10011000010111000011111
Convert -16184 (base 16) to base 10.
-90500
-25004 (base 11) to base 7
-206533
483325 (base 9) to base 10
291137
Convert 3973a (base 13) to base 4.
122003000
-94156 (base 13) to base 15
-53c87
What is 306b9 (base 15) in base 13?
54a8c
What is 1110011000010000011 (base 2) in base 11?
2a1aa8
What is -10059b (base 12) in base 7?
-2056622
What is -1001110110000010 (base 2) in base 8?
-116602
342340 (base 9) to base 12
9a860
-aee76 (base 16) to base 7
-6042435
What is -2203022103 (base 4) in base 5?
-132341212
-a5a81 (base 11) to base 16
-25afc
What is -12551357 (base 8) in base 16?
-2ad2ef
-189443 (base 12) to base 7
-3443160
What is 100383 (base 9) in base 2?
1110011111100111
Convert 133405500 (base 6) to base 16.
2912ac
Convert -79686 (base 13) to base 16.
-35e98
Convert 52b2a3 (base 13) to base 16.
1d9331
Convert dc73a (base 14) to base 7.
4352103
31211310 (base 4) to base 7
321204
1100001001010000010010 (base 2) to base 8
14112022
-20321133200 (base 4) to base 3
-11101111210002
-140908 (base 13) to base 9
-822114
Convert -202402241 (base 5) to base 6.
-25404533
Convert 3b6b457 (base 12) to base 15.
108cd81
What is -170003 (base 14) in base 4?
-3010331103
-47742a9 (base 11) to base 5
-4112244043
-31246 (base 7) to base 2
-1110111111110
-745328 (base 9) to base 15
-8b61b
What is 11011120121102 (base 3) in base 11?
1283901
What is 372101 (base 9) in base 10?
224614
What is -24102520 (base 6) in base 3?
-1102100112010
158583 (base 14) to base 6
24045515
-12207637 (base 8) to base 15
-3824d5
What is -657a0 (base 12) in base 14?
-36c88
Convert 189b48 (base 14) to base 13.
246c22
Convert -6770002 (base 10) to base 12.
-23259aa
Convert 9569445 (base 10) to base 7.
144224154
-1349c3 (base 14) to base 12
-2814a7
Convert -200323032 (base 5) to base 10.
-792267
Convert -6284348 (base 10) to base 5.
-3102044343
-126ba74 (base 14) to base 8
-41650126
-1002020232311 (base 4) to base 3
-1012121211021002
Convert -122000201220112 (base 3) to base 16.
-8a13b2
Convert -404401 (base 7) to base 2.
-10000110010111101
Convert -1049619 (base 11) to base 15.
-26606a
33097c (base 16) to base 3
20021221011011
Convert 111002200221120 (base 3) to base 5.
3240240121
Convert 10000001101000011 (base 2) to base 9.
111035
What is 1d84e3 (base 15) in base 12?
5986b9
What is 120222001022 (base 3) in base 12?
131a22
What is 9137314 (base 10) in base 3?
122012020001001
What is -1151e4 (base 16) in base 6?
-40154552
Convert -73201 (base 12) to base 15.
-2e96a
What is 123330 (base 11) in base 2?
101111100010100010
What is -142222341 (base 7) in base 6?
-532014513
Convert -6906901 (base 10) to base 6.
-404012221
Convert 1b95922 (base 12) to base 15.
7bded2
Convert 845de (base 15) to base 11.
267478
Convert -26014611 (base 7) to base 15.
-3185c0
Convert 23071 (base 12) to base 16.
b695
10101220202100 (base 3) to base 11
1026306
35306166 (base 7) to base 9
5762086
Convert 402b3 (base 15) to base 7.
1504116
Convert 8a11 (base 13) to base 14.
7052
Convert -120c64b (base 13) to base 8.
-25263244
What is 111329c (base 13) in base 6?
304102105
a2488b (base 1